{"id":1783,"date":"2018-01-18T15:12:27","date_gmt":"2018-01-18T14:12:27","guid":{"rendered":"http:\/\/www.agn.at\/kongress\/?page_id=1783"},"modified":"2026-03-12T21:39:09","modified_gmt":"2026-03-12T20:39:09","slug":"invasive_massnahmen","status":"publish","type":"page","link":"https:\/\/www.agn.at\/kongress\/invasive_massnahmen\/","title":{"rendered":"Invasive Ma\u00dfnahmen"},"content":{"rendered":"<div class=\"bt_rc_container\"><p><section id=\"bt_section69f2c14da2ed6\" data-parallax=\"0.1\" data-parallax-offset=\"0\" class=\"boldSection topExtraSpaced bottomLargeSpaced btLightSkin gutter btBottomVertical btParallax wBackground cover\" style=\"background-image:url('https:\/\/www.agn.at\/kongress\/wp-content\/uploads\/2017\/07\/AdobeStock_67889450-1-e1640096055102.jpeg');\"><div class=\"port\"><div class=\"boldCell\"><div class=\"boldCellInner\"><div class=\"boldRow \" ><div class=\"boldRowInner\"><div class=\"rowItem col-md-12 col-ms-12  btTextLeft btBottomVertical\"  data-width=\"12\"><div class=\"rowItemContent\" ><header class=\"header btClear large btDash bottomDash\" ><div class=\"dash\"><h2><span class=\"headline\"><b class=\"animate\">Invasive Ma\u00dfnahmen<\/b> in der Notfallmedizin<\/span><\/h2><\/div><div class=\"btSubTitle\">Workshop<\/div><\/header><\/div><\/div><\/div><\/div><\/div><\/div><\/div><\/section><section id=\"bt_section_3mvi8n5ddq\" data-parallax=\"0.1\" data-parallax-offset=\"0\" class=\"boldSection topSmallSpaced bottomExtraSmallSpaced gutter inherit btParallax\" style=\"background-color:#eeeeee;\"><div class=\"port\"><div class=\"boldCell\"><div class=\"boldCellInner\"><div class=\"boldRow \" ><div class=\"boldRowInner\"><div class=\"rowItem col-md-12 col-ms-12  btTextLeft inherit\"  data-width=\"12\"><div class=\"rowItemContent\" ><div class=\"btText\" ><p><strong>Anmeldung bitte hier:\u00a0<a href=\"https:\/\/www.eventure-online.com\/eventure\/login.form?P03f4366c-6031-4985-b989-ae887c4b2924\">ANMELDELINK<\/a><br \/>\n(AUSGEBUCHT)<\/strong><\/p>\n<\/div><\/div><\/div><\/div><\/div><\/div><\/div><\/div><\/section><section id=\"bt_section69f2c14da3648\" data-parallax=\"0.1\" data-parallax-offset=\"0\" class=\"boldSection topSemiSpaced bottomSemiSpaced gutter inherit btParallax\" style=\"background-color:#eeeeee;\"><div class=\"port\"><div class=\"boldCell\"><div class=\"boldCellInner\"><div class=\"boldRow \" ><div class=\"boldRowInner\"><div class=\"rowItem col-md-8 col-ms-12 btTextLeft inherit\"  data-width=\"8\"><div class=\"rowItemContent\" ><header class=\"header btClear small btDash bottomDash\" ><div class=\"dash\"><h4><span class=\"headline\">Inhalt<\/span><\/h4><\/div><div class=\"btSubTitle\">Dieser Workshop bietet Not\u00e4rzt:innen die M\u00f6glichkeit seltene aber kritische invasive Ma\u00dfnahmen zu \u00fcben. In Zusammenarbeit mit dem anatomischen Institut der medizinischen Universit\u00e4t Graz werden neben der gesamten Palette des Airwaymanagements auch die Thoraxdrainage und die intraoss\u00e4re Punktion an anatomischen Pr\u00e4paraten unterrichtet.<\/p><br><p>Mittels kurzer theoretischer Einf\u00fchrung in Kleingruppen und anschlie\u00dfendem Hands-on Training erlernen die Kursteilnehmer:innen das notwendige Grundwissen und die grundlegenden praktischen F\u00e4higkeiten, um auf die Herausforderungen der Versorgung von schwerkranken und schwerverletzten Patient:innen in der Pr\u00e4klinik vorbereitet zu sein.<\/p><br><p>Themenschwerpunkte:<br \/><br>&#8211; Intubation (konventionell&amp;videolaryngoskopische orotracheale Intubation, Verwendung von Hilfsmitteln und alternativen Atemwegen) an der Leiche<br \/><br>&#8211; Koniotomie<br \/><br>&#8211; Thoraxdrainage (digitale Thorakozentese)<br \/><br>&#8211; Intraoss\u00e4rpunktion via EZ-IO (Tibia&amp;Humerus)<br \/><br>&#8211; Clamshell-Thorakotomie (Demonstration)<\/div><\/header><div class=\"btClear btSeparator bottomSmallSpaced noBorder\" ><hr><\/div><header class=\"header btClear small btDash bottomDash\" ><div class=\"dash\"><h4><span class=\"headline\">Zielgruppe<\/span><\/h4><\/div><div class=\"btSubTitle\">Not\u00e4rzte und Not\u00e4rztInnen<\/div><\/header><div class=\"btClear btSeparator bottomSmallSpaced noBorder\" ><hr><\/div><header class=\"header btClear small btDash bottomDash\" ><div class=\"dash\"><h4><span class=\"headline\">Kursleiter<\/span><\/h4><\/div><div class=\"btSubTitle\">Dr. Florian Sommerauer<\/div><\/header><div class=\"btClear btSeparator bottomSmallSpaced noBorder\" ><hr><\/div><header class=\"header btClear small btDash bottomDash\" ><div class=\"dash\"><h4><span class=\"headline\">Termin &amp; Ort<\/span><\/h4><\/div><div class=\"btSubTitle\">Ort: Klinische Anatomie, Gottfried Schatz Forschungszentrum, Medizinische Universit\u00e4t Graz, 8010 Graz, \u00d6sterreich<br \/><br>Datum: 9.4.26<br \/><br>Zeit: 14-17 Uhr<br \/><br><\/div><\/header><div class=\"btClear btSeparator bottomSmallSpaced noBorder\" ><hr><\/div><div id=\"bt_rc_button_wuwvgv3see\" class=\"bt_rc_content_element bt_rc_button bt_rc_flex bt_rc_size_normal bt_rc_shape_square bt_rc_style_outline\"><a href=\"https:\/\/anmeldung.agn.at\/Home\/Buchen\/88\"  target=\"_blank\"><div>Anmeldung &gt;&gt;&gt;<\/div><\/a><\/div><div class=\"btClear btSeparator bottomSmallSpaced noBorder\" ><hr><\/div><\/div><\/div><div class=\"rowItem col-md-4 col-ms-12 btTextLeft\"  data-width=\"4\"><div class=\"rowItemContent\" ><div class=\"bpgPhoto \" ><div class=\"btImage\"><img decoding=\"async\" src=\"https:\/\/www.agn.at\/kongress\/wp-content\/uploads\/2018\/01\/AdobeStock_105531206.jpeg\" alt=\"https:\/\/www.agn.at\/kongress\/wp-content\/uploads\/2018\/01\/AdobeStock_105531206.jpeg\"><\/div><\/div><\/div><\/div><\/div><\/div><\/div><\/div><\/div><\/section><\/p>\n<\/div>","protected":false},"excerpt":{"rendered":"","protected":false},"author":1,"featured_media":0,"parent":0,"menu_order":0,"comment_status":"closed","ping_status":"closed","template":"","meta":{"footnotes":""},"class_list":["post-1783","page","type-page","status-publish","hentry"],"_links":{"self":[{"href":"https:\/\/www.agn.at\/kongress\/wp-json\/wp\/v2\/pages\/1783","targetHints":{"allow":["GET"]}}],"collection":[{"href":"https:\/\/www.agn.at\/kongress\/wp-json\/wp\/v2\/pages"}],"about":[{"href":"https:\/\/www.agn.at\/kongress\/wp-json\/wp\/v2\/types\/page"}],"author":[{"embeddable":true,"href":"https:\/\/www.agn.at\/kongress\/wp-json\/wp\/v2\/users\/1"}],"replies":[{"embeddable":true,"href":"https:\/\/www.agn.at\/kongress\/wp-json\/wp\/v2\/comments?post=1783"}],"version-history":[{"count":2,"href":"https:\/\/www.agn.at\/kongress\/wp-json\/wp\/v2\/pages\/1783\/revisions"}],"predecessor-version":[{"id":4947,"href":"https:\/\/www.agn.at\/kongress\/wp-json\/wp\/v2\/pages\/1783\/revisions\/4947"}],"wp:attachment":[{"href":"https:\/\/www.agn.at\/kongress\/wp-json\/wp\/v2\/media?parent=1783"}],"curies":[{"name":"wp","href":"https:\/\/api.w.org\/{rel}","templated":true}]}}

Invasive Maßnahmen

<div class="bt_rc_container"><p><section id="bt_section69f2c14da2ed6" data-parallax="0.1" data-parallax-offset="0" class="boldSection topExtraSpaced bottomLargeSpaced btLightSkin gutter btBottomVertical btParallax wBackground cover" style="background-image:url('https://www.agn.at/kongress/wp-content/uploads/2017/07/AdobeStock_67889450-1-e1640096055102.jpeg');"><div class="port"><div class="boldCell"><div class="boldCellInner"><div class="boldRow " ><div class="boldRowInner"><div class="rowItem col-md-12 col-ms-12  btTextLeft btBottomVertical"  data-width="12"><div class="rowItemContent" ><header class="header btClear large btDash bottomDash" ><div class="dash"><h2><span class="headline"><b class="animate">Invasive Maßnahmen</b> in der Notfallmedizin</span></h2></div><div class="btSubTitle">Workshop</div></header></div></div></div></div></div></div></div></section><section id="bt_section_3mvi8n5ddq" data-parallax="0.1" data-parallax-offset="0" class="boldSection topSmallSpaced bottomExtraSmallSpaced gutter inherit btParallax" style="background-color:#eeeeee;"><div class="port"><div class="boldCell"><div class="boldCellInner"><div class="boldRow " ><div class="boldRowInner"><div class="rowItem col-md-12 col-ms-12  btTextLeft inherit"  data-width="12"><div class="rowItemContent" ><div class="btText" ><p><strong>Anmeldung bitte hier: <a href="https://www.eventure-online.com/eventure/login.form?P03f4366c-6031-4985-b989-ae887c4b2924">ANMELDELINK</a><br />
(AUSGEBUCHT)</strong></p>
</div></div></div></div></div></div></div></div></section><section id="bt_section69f2c14da3648" data-parallax="0.1" data-parallax-offset="0" class="boldSection topSemiSpaced bottomSemiSpaced gutter inherit btParallax" style="background-color:#eeeeee;"><div class="port"><div class="boldCell"><div class="boldCellInner"><div class="boldRow " ><div class="boldRowInner"><div class="rowItem col-md-8 col-ms-12 btTextLeft inherit"  data-width="8"><div class="rowItemContent" ><header class="header btClear small btDash bottomDash" ><div class="dash"><h4><span class="headline">Inhalt</span></h4></div><div class="btSubTitle">Dieser Workshop bietet Notärzt:innen die Möglichkeit seltene aber kritische invasive Maßnahmen zu üben. In Zusammenarbeit mit dem anatomischen Institut der medizinischen Universität Graz werden neben der gesamten Palette des Airwaymanagements auch die Thoraxdrainage und die intraossäre Punktion an anatomischen Präparaten unterrichtet.</p><br><p>Mittels kurzer theoretischer Einführung in Kleingruppen und anschließendem Hands-on Training erlernen die Kursteilnehmer:innen das notwendige Grundwissen und die grundlegenden praktischen Fähigkeiten, um auf die Herausforderungen der Versorgung von schwerkranken und schwerverletzten Patient:innen in der Präklinik vorbereitet zu sein.</p><br><p>Themenschwerpunkte:<br /><br>&#8211; Intubation (konventionell&amp;videolaryngoskopische orotracheale Intubation, Verwendung von Hilfsmitteln und alternativen Atemwegen) an der Leiche<br /><br>&#8211; Koniotomie<br /><br>&#8211; Thoraxdrainage (digitale Thorakozentese)<br /><br>&#8211; Intraossärpunktion via EZ-IO (Tibia&amp;Humerus)<br /><br>&#8211; Clamshell-Thorakotomie (Demonstration)</div></header><div class="btClear btSeparator bottomSmallSpaced noBorder" ><hr></div><header class="header btClear small btDash bottomDash" ><div class="dash"><h4><span class="headline">Zielgruppe</span></h4></div><div class="btSubTitle">Notärzte und NotärztInnen</div></header><div class="btClear btSeparator bottomSmallSpaced noBorder" ><hr></div><header class="header btClear small btDash bottomDash" ><div class="dash"><h4><span class="headline">Kursleiter</span></h4></div><div class="btSubTitle">Dr. Florian Sommerauer</div></header><div class="btClear btSeparator bottomSmallSpaced noBorder" ><hr></div><header class="header btClear small btDash bottomDash" ><div class="dash"><h4><span class="headline">Termin &amp; Ort</span></h4></div><div class="btSubTitle">Ort: Klinische Anatomie, Gottfried Schatz Forschungszentrum, Medizinische Universität Graz, 8010 Graz, Österreich<br /><br>Datum: 9.4.26<br /><br>Zeit: 14-17 Uhr<br /><br></div></header><div class="btClear btSeparator bottomSmallSpaced noBorder" ><hr></div><div id="bt_rc_button_wuwvgv3see" class="bt_rc_content_element bt_rc_button bt_rc_flex bt_rc_size_normal bt_rc_shape_square bt_rc_style_outline"><a href="https://anmeldung.agn.at/Home/Buchen/88"  target="_blank"><div>Anmeldung &gt;&gt;&gt;</div></a></div><div class="btClear btSeparator bottomSmallSpaced noBorder" ><hr></div></div></div><div class="rowItem col-md-4 col-ms-12 btTextLeft"  data-width="4"><div class="rowItemContent" ><div class="bpgPhoto " ><div class="btImage"><img decoding="async" src="https://www.agn.at/kongress/wp-content/uploads/2018/01/AdobeStock_105531206.jpeg" alt="https://www.agn.at/kongress/wp-content/uploads/2018/01/AdobeStock_105531206.jpeg"></div></div></div></div></div></div></div></div></div></section></p>
</div>
