{"id":3787,"date":"2024-02-08T12:50:37","date_gmt":"2024-02-08T11:50:37","guid":{"rendered":"https:\/\/www.agn.at\/kongress\/?page_id=3787"},"modified":"2026-04-06T09:24:31","modified_gmt":"2026-04-06T07:24:31","slug":"side-events","status":"publish","type":"page","link":"https:\/\/www.agn.at\/kongress\/side-events\/","title":{"rendered":"Side Events"},"content":{"rendered":"<div class=\"bt_rc_container\"><section id=\"bt_section_f1ubgtsx7a\"  class=\"boldSection gutter inherit\" ><div class=\"port\"><div class=\"boldCell\"><div class=\"boldCellInner\"><div class=\"boldRow \" ><div class=\"boldRowInner\"><div class=\"rowItem col-md-12 col-ms-12  btTextLeft inherit\"  data-width=\"12\"><div class=\"rowItemContent\" ><div class=\"btClear btSeparator topSpaced noBorder\" ><hr><\/div><h1 id=\"bt_rc_heading_sl3983u1kr\" class=\"bt_rc_content_element bt_rc_heading\">Side Events<\/h1><div class=\"btClear btSeparator topExtraSmallSpaced noBorder\" ><hr><\/div><\/div><\/div><\/div><\/div><div class=\"boldRow \" ><div class=\"boldRowInner\"><div class=\"rowItem col-md-6 col-sm-12 btTextLeft inherit\"  data-width=\"6\"><div class=\"rowItemContent\" ><header class=\"header btClear small\" ><div class=\"btSuperTitle\">9. April <\/div><div class=\"dash\"><h4><span class=\"headline\">Junge Notfallmedizin <\/span><\/h4><\/div><\/header><div id=\"bt_rc_image_5naz4556oq\" class=\"bt_rc_content_element bt_rc_image bt_rc_no_border bt_rc_flex bt_rc_shape_square\"><a href=\"#\"  target=\"_self\"><img loading=\"lazy\" decoding=\"async\" width=\"2560\" height=\"1707\" src=\"https:\/\/www.agn.at\/kongress\/wp-content\/uploads\/2024\/06\/A9A2147-scaled.jpg\" class=\"attachment-full size-full\" alt=\"\" srcset=\"https:\/\/www.agn.at\/kongress\/wp-content\/uploads\/2024\/06\/A9A2147-scaled.jpg 2560w, https:\/\/www.agn.at\/kongress\/wp-content\/uploads\/2024\/06\/A9A2147-320x213.jpg 320w, https:\/\/www.agn.at\/kongress\/wp-content\/uploads\/2024\/06\/A9A2147-1200x800.jpg 1200w, https:\/\/www.agn.at\/kongress\/wp-content\/uploads\/2024\/06\/A9A2147-768x512.jpg 768w, https:\/\/www.agn.at\/kongress\/wp-content\/uploads\/2024\/06\/A9A2147-1536x1024.jpg 1536w, https:\/\/www.agn.at\/kongress\/wp-content\/uploads\/2024\/06\/A9A2147-2048x1365.jpg 2048w, https:\/\/www.agn.at\/kongress\/wp-content\/uploads\/2024\/06\/A9A2147-540x360.jpg 540w\" sizes=\"auto, (max-width: 2560px) 100vw, 2560px\" \/><\/a><\/div><div class=\"btText\" ><p>Im Vorfeld des AGN Kongresses bringt die Junge Notfallmedizin engagierte Notfallmediziner:innen zusammen. Im Fokus stehen Vernetzung auf Augenh\u00f6he, inspirierende Impulse und praxisnahe Hands-On-Workshops.<br \/>\nEin inspirierendes Format f\u00fcr alle, die Notfallmedizin aktiv mitgestalten m\u00f6chten.<\/p>\n<\/div><div class=\"btClear btSeparator topSemiSpaced noBorder\" ><hr><\/div><\/div><\/div><div class=\"rowItem col-md-6 col-sm-12 btTextLeft inherit\"  data-width=\"6\"><div class=\"rowItemContent\" ><header class=\"header btClear small\" ><div class=\"btSuperTitle\">10. April ab 7:45 Uhr, Treffpunkt Eingang Messe<\/div><div class=\"dash\"><h4><span class=\"headline\">AGN Run<\/span><\/h4><\/div><\/header><div id=\"bt_rc_image_3oovuc4mix\" class=\"bt_rc_content_element bt_rc_image bt_rc_no_border bt_rc_flex bt_rc_shape_square\"><a href=\"#\"  target=\"_self\"><img loading=\"lazy\" decoding=\"async\" width=\"2560\" height=\"1707\" src=\"https:\/\/www.agn.at\/kongress\/wp-content\/uploads\/2024\/02\/A9A9855-scaled.jpg\" class=\"attachment-full size-full\" alt=\"\" srcset=\"https:\/\/www.agn.at\/kongress\/wp-content\/uploads\/2024\/02\/A9A9855-scaled.jpg 2560w, https:\/\/www.agn.at\/kongress\/wp-content\/uploads\/2024\/02\/A9A9855-320x213.jpg 320w, https:\/\/www.agn.at\/kongress\/wp-content\/uploads\/2024\/02\/A9A9855-1200x800.jpg 1200w, https:\/\/www.agn.at\/kongress\/wp-content\/uploads\/2024\/02\/A9A9855-768x512.jpg 768w, https:\/\/www.agn.at\/kongress\/wp-content\/uploads\/2024\/02\/A9A9855-1536x1024.jpg 1536w, https:\/\/www.agn.at\/kongress\/wp-content\/uploads\/2024\/02\/A9A9855-2048x1365.jpg 2048w, https:\/\/www.agn.at\/kongress\/wp-content\/uploads\/2024\/02\/A9A9855-540x360.jpg 540w\" sizes=\"auto, (max-width: 2560px) 100vw, 2560px\" \/><\/a><\/div><div class=\"btText\" ><p>Um gut in den Tag zu starten, gibt es nichts besseres als mit unserem AGN-Laufexperten Philipp Kocher eine &#8222;kurze&#8220; 6 km Runde in Graz zu laufen. Danach gibt es die M\u00f6glichkeit sich am Kongressgel\u00e4nde frisch zu machen, sich zu st\u00e4rken und vital in die Sessions zu starten.<\/p>\n<\/div><div class=\"btClear btSeparator topSemiSpaced noBorder\" ><hr><\/div><\/div><\/div><\/div><\/div><div class=\"boldRow \" ><div class=\"boldRowInner\"><div class=\"rowItem col-md-6 col-sm-12 btTextLeft inherit\"  data-width=\"6\"><div class=\"rowItemContent\" ><header class=\"header btClear small\" ><div class=\"btSuperTitle\">10. April ab 18:00 Uhr<\/div><div class=\"dash\"><h4><span class=\"headline\">GetTogether<\/span><\/h4><\/div><\/header><div id=\"bt_rc_image_6fqgaew44f\" class=\"bt_rc_content_element bt_rc_image bt_rc_no_border bt_rc_flex bt_rc_shape_square\"><a href=\"#\"  target=\"_self\"><img loading=\"lazy\" decoding=\"async\" width=\"2500\" height=\"1637\" src=\"https:\/\/www.agn.at\/kongress\/wp-content\/uploads\/2024\/02\/AGN2018_59.jpg\" class=\"attachment-full size-full\" alt=\"\" srcset=\"https:\/\/www.agn.at\/kongress\/wp-content\/uploads\/2024\/02\/AGN2018_59.jpg 2500w, https:\/\/www.agn.at\/kongress\/wp-content\/uploads\/2024\/02\/AGN2018_59-320x210.jpg 320w, https:\/\/www.agn.at\/kongress\/wp-content\/uploads\/2024\/02\/AGN2018_59-1200x786.jpg 1200w, https:\/\/www.agn.at\/kongress\/wp-content\/uploads\/2024\/02\/AGN2018_59-768x503.jpg 768w, https:\/\/www.agn.at\/kongress\/wp-content\/uploads\/2024\/02\/AGN2018_59-1536x1006.jpg 1536w, https:\/\/www.agn.at\/kongress\/wp-content\/uploads\/2024\/02\/AGN2018_59-2048x1341.jpg 2048w, https:\/\/www.agn.at\/kongress\/wp-content\/uploads\/2024\/02\/AGN2018_59-540x354.jpg 540w\" sizes=\"auto, (max-width: 2500px) 100vw, 2500px\" \/><\/a><\/div><div class=\"btText\" ><p>DIE Gelegenheit in einer entspannten Atmosph\u00e4re und gutem Essen den Kongresstag Revue passieren zu lassen und \u00fcber noch offene Fragen zu diskutieren.<\/p>\n<\/div><div class=\"btClear btSeparator topSemiSpaced noBorder\" ><hr><\/div><\/div><\/div><div class=\"rowItem col-md-6 col-sm-12 btTextLeft inherit\"  data-width=\"6\"><div class=\"rowItemContent\" ><header class=\"header btClear small\" ><div class=\"btSuperTitle\">10. April ab 10:00 &#8211; 16:00 Uhr<\/div><div class=\"dash\"><h4><span class=\"headline\">Blutspende und Stammzellenregistrierung<\/span><\/h4><\/div><\/header><div id=\"bt_rc_image_t478c8lz6t\" class=\"bt_rc_content_element bt_rc_image bt_rc_no_border bt_rc_flex bt_rc_shape_square\"><a href=\"#\"  target=\"_self\"><img loading=\"lazy\" decoding=\"async\" width=\"800\" height=\"400\" src=\"https:\/\/www.agn.at\/kongress\/wp-content\/uploads\/2017\/11\/AdobeStock_80578332-e1515402342565.jpeg\" class=\"attachment-full size-full\" alt=\"\" \/><\/a><\/div><div class=\"btText\" ><p>Datum: 10.04.2026<br \/>\nZeit: 10:00 \u2013 16:00 Uhr<br \/>\nOrt: Messe Graz, Foyer Nord<\/p>\n<p>Weitere Informationen finden Sie in den untenstehenden Dokumenten:<\/p>\n<p><a href=\"https:\/\/www.agn.at\/kongress\/wp-content\/uploads\/2026\/03\/Blutspende-Infoblatt-NEU.pdf\">Blutspende-Infoblatt<\/a><\/p>\n<p><a href=\"https:\/\/www.agn.at\/kongress\/wp-content\/uploads\/2026\/03\/2025_FAQ-Stammzellspende.pdf\">Stammzellspende<\/a><\/p>\n<\/div><\/div><\/div><\/div><\/div><div class=\"boldRow \" ><div class=\"boldRowInner\"><div class=\"rowItem col-md-6 col-sm-12 btTextLeft inherit\"  data-width=\"6\"><div class=\"rowItemContent\" ><header class=\"header btClear small\" ><div class=\"btSuperTitle\">10.-11. April <\/div><div class=\"dash\"><h4><span class=\"headline\">Interaktiver CPR Challenge<\/span><\/h4><\/div><\/header><div id=\"bt_rc_image_25p92id2ul\" class=\"bt_rc_content_element bt_rc_image bt_rc_no_border bt_rc_flex bt_rc_shape_square\"><a href=\"#\"  target=\"_self\"><img loading=\"lazy\" decoding=\"async\" width=\"600\" height=\"400\" src=\"https:\/\/www.agn.at\/kongress\/wp-content\/uploads\/2017\/11\/AdobeStock_89687833-2.jpeg\" class=\"attachment-full size-full\" alt=\"\" srcset=\"https:\/\/www.agn.at\/kongress\/wp-content\/uploads\/2017\/11\/AdobeStock_89687833-2.jpeg 600w, https:\/\/www.agn.at\/kongress\/wp-content\/uploads\/2017\/11\/AdobeStock_89687833-2-320x213.jpeg 320w, https:\/\/www.agn.at\/kongress\/wp-content\/uploads\/2017\/11\/AdobeStock_89687833-2-540x360.jpeg 540w\" sizes=\"auto, (max-width: 600px) 100vw, 600px\" \/><\/a><\/div><div class=\"btText\" ><p>Beim diesj\u00e4hrigen AGN-Kongress wird es die Teilnahmem\u00f6glichkeit f\u00fcr einen CPR-Wettbewerb geben, um Wiederbelebungsma\u00dfnahmen praxisnah zu vermitteln und das Bewusstsein f\u00fcr eine qualitativ hochwertige CPR zu st\u00e4rken. Betreut wird der jeweilige Stand von Mitgliedern des notfallmedizinischen Wettkampfteams der KAGes\/Med Uni Graz, eine Teilnahme ist freiwillig und steht allen Kongressbesucher:innen zur Verf\u00fcgung. Hierf\u00fcr ist lediglich die Bekanntgabe von Namen, Telefonnummer sowie E-Mail-Adresse vor Ort notwendig.<\/p>\n<p>Am 10.04.26 findet die Vorausscheidung in Form eines Einzelbewerbes statt. Hierbei soll eine qualitativ hochwertige Herzdruckmassage f\u00fcr vier Minuten am Simulator durchgef\u00fchrt werden. In die Bewertung flie\u00dfen einerseits die Qualit\u00e4t der Thoraxkompressionen und auch eine davor abgegeben Selbsteinsch\u00e4tzung ein. Aus den 12 Bestplatzierten werden sechs 2er Teams via Losverfahren generiert, die im Finale am 11.04.26 die M\u00f6glichkeit haben ihre Reanimationsf\u00e4higkeiten, sowohl bei der Anwendung der Herzdruckmassage kombiniert mit Beutel-Masken-Beatmung f\u00fcr insgesamt sechs Minuten unter Beweis zu stellen. Ein Rollenwechsel ist nach allen zwei Minuten obligat. Neben den zuvor genannten Beurteilungskriterien flie\u00dft hierbei noch zus\u00e4tzlich die Suffizienz der Beatmung in die Bewertung mit ein. Die 1. Platzierten erhalten als Gewinn je ein E-Bike, die 2. Gewinner ein konventionelles City-Bike und 3. Platzierten Gutscheine.<\/p>\n<p>Viel Spa\u00df bei der Teilnahme<\/p>\n<p><em>Das Wettkampfteam der KAGes\/Meduni Graz<\/em><\/p>\n<\/div><\/div><\/div><div class=\"rowItem col-md-6 col-sm-12 btTextLeft inherit\"  data-width=\"6\"><div class=\"rowItemContent\" ><\/div><\/div><\/div><\/div><div class=\"boldRow \" ><div class=\"boldRowInner\"><div class=\"rowItem col-md-12 col-ms-12  btTextLeft inherit\"  data-width=\"12\"><div class=\"rowItemContent\" ><div class=\"btClear btSeparator topExtraSpaced bottomExtraSpaced noBorder\" ><hr><\/div><div class=\"btClear btSeparator topExtraSpaced bottomExtraSpaced noBorder\" ><hr><\/div><div class=\"btClear btSeparator topExtraSpaced bottomExtraSpaced noBorder\" ><hr><\/div><\/div><\/div><\/div><\/div><\/div><\/div><\/div><\/section>\n<\/div>","protected":false},"excerpt":{"rendered":"","protected":false},"author":1,"featured_media":0,"parent":0,"menu_order":0,"comment_status":"closed","ping_status":"closed","template":"","meta":{"footnotes":""},"class_list":["post-3787","page","type-page","status-publish","hentry"],"_links":{"self":[{"href":"https:\/\/www.agn.at\/kongress\/wp-json\/wp\/v2\/pages\/3787","targetHints":{"allow":["GET"]}}],"collection":[{"href":"https:\/\/www.agn.at\/kongress\/wp-json\/wp\/v2\/pages"}],"about":[{"href":"https:\/\/www.agn.at\/kongress\/wp-json\/wp\/v2\/types\/page"}],"author":[{"embeddable":true,"href":"https:\/\/www.agn.at\/kongress\/wp-json\/wp\/v2\/users\/1"}],"replies":[{"embeddable":true,"href":"https:\/\/www.agn.at\/kongress\/wp-json\/wp\/v2\/comments?post=3787"}],"version-history":[{"count":9,"href":"https:\/\/www.agn.at\/kongress\/wp-json\/wp\/v2\/pages\/3787\/revisions"}],"predecessor-version":[{"id":5113,"href":"https:\/\/www.agn.at\/kongress\/wp-json\/wp\/v2\/pages\/3787\/revisions\/5113"}],"wp:attachment":[{"href":"https:\/\/www.agn.at\/kongress\/wp-json\/wp\/v2\/media?parent=3787"}],"curies":[{"name":"wp","href":"https:\/\/api.w.org\/{rel}","templated":true}]}}

<div class="bt_rc_container"><section id="bt_section_f1ubgtsx7a"  class="boldSection gutter inherit" ><div class="port"><div class="boldCell"><div class="boldCellInner"><div class="boldRow " ><div class="boldRowInner"><div class="rowItem col-md-12 col-ms-12  btTextLeft inherit"  data-width="12"><div class="rowItemContent" ><div class="btClear btSeparator topSpaced noBorder" ><hr></div><h1 id="bt_rc_heading_sl3983u1kr" class="bt_rc_content_element bt_rc_heading">Side Events</h1><div class="btClear btSeparator topExtraSmallSpaced noBorder" ><hr></div></div></div></div></div><div class="boldRow " ><div class="boldRowInner"><div class="rowItem col-md-6 col-sm-12 btTextLeft inherit"  data-width="6"><div class="rowItemContent" ><header class="header btClear small" ><div class="btSuperTitle">9. April </div><div class="dash"><h4><span class="headline">Junge Notfallmedizin </span></h4></div></header><div id="bt_rc_image_5naz4556oq" class="bt_rc_content_element bt_rc_image bt_rc_no_border bt_rc_flex bt_rc_shape_square"><a href="#"  target="_self"><img loading="lazy" decoding="async" width="2560" height="1707" src="https://www.agn.at/kongress/wp-content/uploads/2024/06/A9A2147-scaled.jpg" class="attachment-full size-full" alt="" srcset="https://www.agn.at/kongress/wp-content/uploads/2024/06/A9A2147-scaled.jpg 2560w, https://www.agn.at/kongress/wp-content/uploads/2024/06/A9A2147-320x213.jpg 320w, https://www.agn.at/kongress/wp-content/uploads/2024/06/A9A2147-1200x800.jpg 1200w, https://www.agn.at/kongress/wp-content/uploads/2024/06/A9A2147-768x512.jpg 768w, https://www.agn.at/kongress/wp-content/uploads/2024/06/A9A2147-1536x1024.jpg 1536w, https://www.agn.at/kongress/wp-content/uploads/2024/06/A9A2147-2048x1365.jpg 2048w, https://www.agn.at/kongress/wp-content/uploads/2024/06/A9A2147-540x360.jpg 540w" sizes="auto, (max-width: 2560px) 100vw, 2560px" /></a></div><div class="btText" ><p>Im Vorfeld des AGN Kongresses bringt die Junge Notfallmedizin engagierte Notfallmediziner:innen zusammen. Im Fokus stehen Vernetzung auf Augenhöhe, inspirierende Impulse und praxisnahe Hands-On-Workshops.<br />
Ein inspirierendes Format für alle, die Notfallmedizin aktiv mitgestalten möchten.</p>
</div><div class="btClear btSeparator topSemiSpaced noBorder" ><hr></div></div></div><div class="rowItem col-md-6 col-sm-12 btTextLeft inherit"  data-width="6"><div class="rowItemContent" ><header class="header btClear small" ><div class="btSuperTitle">10. April ab 7:45 Uhr, Treffpunkt Eingang Messe</div><div class="dash"><h4><span class="headline">AGN Run</span></h4></div></header><div id="bt_rc_image_3oovuc4mix" class="bt_rc_content_element bt_rc_image bt_rc_no_border bt_rc_flex bt_rc_shape_square"><a href="#"  target="_self"><img loading="lazy" decoding="async" width="2560" height="1707" src="https://www.agn.at/kongress/wp-content/uploads/2024/02/A9A9855-scaled.jpg" class="attachment-full size-full" alt="" srcset="https://www.agn.at/kongress/wp-content/uploads/2024/02/A9A9855-scaled.jpg 2560w, https://www.agn.at/kongress/wp-content/uploads/2024/02/A9A9855-320x213.jpg 320w, https://www.agn.at/kongress/wp-content/uploads/2024/02/A9A9855-1200x800.jpg 1200w, https://www.agn.at/kongress/wp-content/uploads/2024/02/A9A9855-768x512.jpg 768w, https://www.agn.at/kongress/wp-content/uploads/2024/02/A9A9855-1536x1024.jpg 1536w, https://www.agn.at/kongress/wp-content/uploads/2024/02/A9A9855-2048x1365.jpg 2048w, https://www.agn.at/kongress/wp-content/uploads/2024/02/A9A9855-540x360.jpg 540w" sizes="auto, (max-width: 2560px) 100vw, 2560px" /></a></div><div class="btText" ><p>Um gut in den Tag zu starten, gibt es nichts besseres als mit unserem AGN-Laufexperten Philipp Kocher eine &#8222;kurze&#8220; 6 km Runde in Graz zu laufen. Danach gibt es die Möglichkeit sich am Kongressgelände frisch zu machen, sich zu stärken und vital in die Sessions zu starten.</p>
</div><div class="btClear btSeparator topSemiSpaced noBorder" ><hr></div></div></div></div></div><div class="boldRow " ><div class="boldRowInner"><div class="rowItem col-md-6 col-sm-12 btTextLeft inherit"  data-width="6"><div class="rowItemContent" ><header class="header btClear small" ><div class="btSuperTitle">10. April ab 18:00 Uhr</div><div class="dash"><h4><span class="headline">GetTogether</span></h4></div></header><div id="bt_rc_image_6fqgaew44f" class="bt_rc_content_element bt_rc_image bt_rc_no_border bt_rc_flex bt_rc_shape_square"><a href="#"  target="_self"><img loading="lazy" decoding="async" width="2500" height="1637" src="https://www.agn.at/kongress/wp-content/uploads/2024/02/AGN2018_59.jpg" class="attachment-full size-full" alt="" srcset="https://www.agn.at/kongress/wp-content/uploads/2024/02/AGN2018_59.jpg 2500w, https://www.agn.at/kongress/wp-content/uploads/2024/02/AGN2018_59-320x210.jpg 320w, https://www.agn.at/kongress/wp-content/uploads/2024/02/AGN2018_59-1200x786.jpg 1200w, https://www.agn.at/kongress/wp-content/uploads/2024/02/AGN2018_59-768x503.jpg 768w, https://www.agn.at/kongress/wp-content/uploads/2024/02/AGN2018_59-1536x1006.jpg 1536w, https://www.agn.at/kongress/wp-content/uploads/2024/02/AGN2018_59-2048x1341.jpg 2048w, https://www.agn.at/kongress/wp-content/uploads/2024/02/AGN2018_59-540x354.jpg 540w" sizes="auto, (max-width: 2500px) 100vw, 2500px" /></a></div><div class="btText" ><p>DIE Gelegenheit in einer entspannten Atmosphäre und gutem Essen den Kongresstag Revue passieren zu lassen und über noch offene Fragen zu diskutieren.</p>
</div><div class="btClear btSeparator topSemiSpaced noBorder" ><hr></div></div></div><div class="rowItem col-md-6 col-sm-12 btTextLeft inherit"  data-width="6"><div class="rowItemContent" ><header class="header btClear small" ><div class="btSuperTitle">10. April ab 10:00 &#8211; 16:00 Uhr</div><div class="dash"><h4><span class="headline">Blutspende und Stammzellenregistrierung</span></h4></div></header><div id="bt_rc_image_t478c8lz6t" class="bt_rc_content_element bt_rc_image bt_rc_no_border bt_rc_flex bt_rc_shape_square"><a href="#"  target="_self"><img loading="lazy" decoding="async" width="800" height="400" src="https://www.agn.at/kongress/wp-content/uploads/2017/11/AdobeStock_80578332-e1515402342565.jpeg" class="attachment-full size-full" alt="" /></a></div><div class="btText" ><p>Datum: 10.04.2026<br />
Zeit: 10:00 – 16:00 Uhr<br />
Ort: Messe Graz, Foyer Nord</p>
<p>Weitere Informationen finden Sie in den untenstehenden Dokumenten:</p>
<p><a href="https://www.agn.at/kongress/wp-content/uploads/2026/03/Blutspende-Infoblatt-NEU.pdf">Blutspende-Infoblatt</a></p>
<p><a href="https://www.agn.at/kongress/wp-content/uploads/2026/03/2025_FAQ-Stammzellspende.pdf">Stammzellspende</a></p>
</div></div></div></div></div><div class="boldRow " ><div class="boldRowInner"><div class="rowItem col-md-6 col-sm-12 btTextLeft inherit"  data-width="6"><div class="rowItemContent" ><header class="header btClear small" ><div class="btSuperTitle">10.-11. April </div><div class="dash"><h4><span class="headline">Interaktiver CPR Challenge</span></h4></div></header><div id="bt_rc_image_25p92id2ul" class="bt_rc_content_element bt_rc_image bt_rc_no_border bt_rc_flex bt_rc_shape_square"><a href="#"  target="_self"><img loading="lazy" decoding="async" width="600" height="400" src="https://www.agn.at/kongress/wp-content/uploads/2017/11/AdobeStock_89687833-2.jpeg" class="attachment-full size-full" alt="" srcset="https://www.agn.at/kongress/wp-content/uploads/2017/11/AdobeStock_89687833-2.jpeg 600w, https://www.agn.at/kongress/wp-content/uploads/2017/11/AdobeStock_89687833-2-320x213.jpeg 320w, https://www.agn.at/kongress/wp-content/uploads/2017/11/AdobeStock_89687833-2-540x360.jpeg 540w" sizes="auto, (max-width: 600px) 100vw, 600px" /></a></div><div class="btText" ><p>Beim diesjährigen AGN-Kongress wird es die Teilnahmemöglichkeit für einen CPR-Wettbewerb geben, um Wiederbelebungsmaßnahmen praxisnah zu vermitteln und das Bewusstsein für eine qualitativ hochwertige CPR zu stärken. Betreut wird der jeweilige Stand von Mitgliedern des notfallmedizinischen Wettkampfteams der KAGes/Med Uni Graz, eine Teilnahme ist freiwillig und steht allen Kongressbesucher:innen zur Verfügung. Hierfür ist lediglich die Bekanntgabe von Namen, Telefonnummer sowie E-Mail-Adresse vor Ort notwendig.</p>
<p>Am 10.04.26 findet die Vorausscheidung in Form eines Einzelbewerbes statt. Hierbei soll eine qualitativ hochwertige Herzdruckmassage für vier Minuten am Simulator durchgeführt werden. In die Bewertung fließen einerseits die Qualität der Thoraxkompressionen und auch eine davor abgegeben Selbsteinschätzung ein. Aus den 12 Bestplatzierten werden sechs 2er Teams via Losverfahren generiert, die im Finale am 11.04.26 die Möglichkeit haben ihre Reanimationsfähigkeiten, sowohl bei der Anwendung der Herzdruckmassage kombiniert mit Beutel-Masken-Beatmung für insgesamt sechs Minuten unter Beweis zu stellen. Ein Rollenwechsel ist nach allen zwei Minuten obligat. Neben den zuvor genannten Beurteilungskriterien fließt hierbei noch zusätzlich die Suffizienz der Beatmung in die Bewertung mit ein. Die 1. Platzierten erhalten als Gewinn je ein E-Bike, die 2. Gewinner ein konventionelles City-Bike und 3. Platzierten Gutscheine.</p>
<p>Viel Spaß bei der Teilnahme</p>
<p><em>Das Wettkampfteam der KAGes/Meduni Graz</em></p>
</div></div></div><div class="rowItem col-md-6 col-sm-12 btTextLeft inherit"  data-width="6"><div class="rowItemContent" ></div></div></div></div><div class="boldRow " ><div class="boldRowInner"><div class="rowItem col-md-12 col-ms-12  btTextLeft inherit"  data-width="12"><div class="rowItemContent" ><div class="btClear btSeparator topExtraSpaced bottomExtraSpaced noBorder" ><hr></div><div class="btClear btSeparator topExtraSpaced bottomExtraSpaced noBorder" ><hr></div><div class="btClear btSeparator topExtraSpaced bottomExtraSpaced noBorder" ><hr></div></div></div></div></div></div></div></div></section>
</div>
